3*y**2 + 3*y - 1. Suppose -3*t + 2*g + 42 = g, 0 = -4*t + 2*g + 56. Calculate the remainder when t is divided by b(3).
6
Let v be -3*(-5)/((-15)/(-7)). What is the remainder when (2/4)/((-3)/(-156)) is divided by (1 + v)*28/16?
12
Suppose -21 = -2*z - 5. Let n = 5 - -10. Suppose -4*o + n = -3*o. What is the remainder when o is divided by z?
7
Suppose 64 = 5*x - 11. Suppose 5*k - 167 + 32 = 0. Calculate the remainder when k is divided by x.
12
Suppose -5*o + 0*o = -65. Calculate the remainder when 38 is divided by o.
12
Let f = 18 + -14. Calculate the remainder when 54 is divided by (76/f*-1)/(-1).
16
Let a = 28 - 25. Suppose 0 = -a*d, -2*d - 136 = -3*u - u. What is the remainder when 65 is divided by u?
31
Let q(r) = r**3 - 7*r**2 - 7*r - 2. Let f be q(8). Suppose 2*a - j = 79, 4*a - 49 = 3*j + 112. What is the remainder when a is divided by f/33 - (-141)/11?
12
Let p = 1 - -3. Suppose -a + 5*a = 0. Suppose 5*z - 3*i + a*i = 112, -p*z + 87 = -5*i. Calculate the remainder when z is divided by 12.
11
What is the remainder when 38 is divided by 10/(-4*(-2)/16)?
18
Suppose -2*g = -3*g - 16. Let u = 22 + g. Let w = -8 - -29. Calculate the remainder when w is divided by u.
3
Let z(p) = -p + 24. Calculate the remainder when z(-8) is divided by 20.
12
What is the remainder when ((-14)/3)/((-6)/153) is divided by 41?
37
Let q = -12 - -127. Suppose -2*z + q = 3*z + 2*w, 5*w = -3*z + 69. Let a(o) = -o**2 + 6*o. What is the remainder when z is divided by a(4)?
7
Suppose 2*g - 2*z - 3*z - 244 = 0, 16 = -4*z. Suppose 2*k - 10 = r + 1, 2*k = 5*r + 31. Suppose -w = k*w - g. What is the remainder when w is divided by 10?
8
Let w be -1*6/2*1. Let z be (5 - 1)/1 + -2. Calculate the remainder when 26 is divided by z/w*108/(-8).
8
Suppose 4*j + 70 = 9*j. Calculate the remainder when 69 is divided by j.
13
Let r(s) = 4*s - 7. Let u be 12/2 - (-3 + 3). Calculate the remainder when 48 is divided by r(u).
14
Let k = 17 + -7. Let d be 66/12*(-1 - 3). What is the remainder when (-4)/d + (-207)/(-11) is divided by k?
9
Suppose -68 = 2*y - 4*y. Let r(s) = -s + 22. Calculate the remainder when y is divided by r(10).
10
Suppose 3*k + 7 = 2*v, 2 = -2*v - v + 2*k. What is the remainder when -22*(-2)/(0 - -2) is divided by (-1)/v - 31/(-4)?
6
Let f(t) = 9*t - 2. Let c(a) = -a**3 - 2*a**2 + 1. Let i be c(-1). What is the remainder when f(4) is divided by (4 - i)*3*1?
10
Suppose 4*a - 4*f - 28 = 0, -2*f = -6*f - 16. Suppose -4*j = -12, 2*j = -a*w - 0*j + 54. What is the remainder when 31 is divided by w?
15
Let a be (-8)/12 - 250/(-6). Suppose k - 23 = 2*f, -5*k + 3*f + 39 = -a. Let t = 71 + -34. What is the remainder when t is divided by k?
11
Let m = -30 - -58. Suppose -4*f + 3*f - 4*a - 2 = 0, 3*f = 4*a + 42. Calculate the remainder when m is divided by f.
8
Let a(d) = d**2 - 6*d + 3. Let g be a(6). Suppose k = g + 3. Suppose -11*v + 132 = v. Calculate the remainder when v is divided by k.
5
Let j be (2/(-5))/((-2)/(-10)). Suppose 6 = -5*f + 46. Calculate the remainder when (f - 31)*(j + 0) is divided by 12.
10
Suppose 2*j - 6 = -0. Suppose -8 = j*p - 128. What is the remainder when p is divided by 0 + 2 + 13 + -1?
12
Suppose q - 4*j = 2*q - 114, -510 = -5*q - 5*j. What is the remainder when q is divided by 33?
32
Let f = -114 - -176. Calculate the remainder when f is divided by 11.
7
Suppose -8*a = -6*a - 30. Calculate the remainder when 133 is divided by a.
13
Let y(l) = 11*l + 8. Let q be y(9). Suppose -c - 3 = -2*c, 2*d = -3*c + q. Calculate the remainder when d is divided by 13.
10
Let k be 1/(-2) + (-44)/(-8). Suppose -10 = -5*s, -67 = -4*l + k*s - 9. Suppose -2*w + l = -w. Calculate the remainder when 33 is divided by w.
16
Let i = 11 - 6. Suppose 4*a + 52 = -0*a - f, -3*a - i*f = 39. Let c = a - -22. What is the remainder when c is divided by 5?
4
Calculate the remainder when 101 is divided by ((-3)/6)/(2/(-104)).
23
Let a(j) = 7*j + 2. Let b(k) = -2*k - 4. Let m be b(-3). Calculate the remainder when 61 is divided by a(m).
13
Let s be 36/8*4/3. Let x(m) = m**3 - 4*m**2 - 10*m + 7. Calculate the remainder when 56 is divided by x(s).
18
Suppose 2*r - 3*g = 341, 4*r - 172 = 3*r + 2*g. Calculate the remainder when r is divided by 42.
40
Let m = -2 + 39. Calculate the remainder when 182 is divided by m.
34
Let x(q) = -q**3 + 6*q**2 + 7. Let j be x(6). Suppose j + 6 = o. Calculate the remainder when 37 is divided by o.
11
Calculate the remainder when 13 is divided by 1 - -3 - 10/(-5).
1
Suppose 0 = 5*t + 10, -2*x = 2*t - 5*t - 10. Suppose -2*u + x*a - 8 = a, 4*a = 16. What is the remainder when (1*-2)/(u/33) is divided by 17?
16
Suppose 5*l - 226 = -56. Let k be (76/(-20))/((-1)/5). Let j = l - k. Calculate the remainder when 59 is divided by j.
14
Let c = 3 - -2. Suppose c*t + p - 5 = 37, -4*t - 4*p + 24 = 0. Calculate the remainder when t is divided by 15/(-10)*10/(-3).
4
Suppose 3*o = 5 + 4. Calculate the remainder when o is divided by 1.
0
Suppose -4*j = -4 - 20. Calculate the remainder when 13 is divided by j.
1
Suppose 1 = y - 7. What is the remainder when y is divided by 6?
2
Suppose -w = -4*z - 53, -w - 3*z + 50 = -4*z. What is the remainder when w is divided by 10?
9
Calculate the remainder when (58/2)/(3/2 + -1) is divided by 12.
10
Let x(f) = 4*f**2 + 2*f - 2. What is the remainder when 54 is divided by x(-3)?
26
Let x(o) = o**2 - 12*o + 3. What is the remainder when x(13) is divided by ((-18)/15)/((-2)/10)?
4
Suppose 0 = 3*d - 2*y - 5, -d - 5*y = -6*d + 15. Let l = d - -3. What is the remainder when 4 is divided by ((-14)/(-6) - l)*6?
0
Let y(a) = -3*a - 15. Let v be y(-6). Suppose -6*f + 45 = -v*f. What is the remainder when 59 is divided by f?
14
Let b(i) = 20*i**3 - 4*i + 3. What is the remainder when b(1) is divided by 6?
1
Suppose 10*k = 8*k + 38. What is the remainder when 52 is divided by k?
14
Let u be 3*1/6*2. Let k be ((-1)/(-1))/(u/(-9)). Calculate the remainder when 0/(k/3) + 37 is divided by 13.
11
Suppose -j + 47 = -1. Suppose -2*d = -6*d + j. Calculate the remainder when d is divided by 7.
5
Let r = -12 - -33. What is the remainder when 102 is divided by r?
18
Let g(q) = -2 - 4*q - 3*q + 4 - q. Calculate the remainder when g(-6) is divided by 26.
24
Let a(v) = -6*v**2 - 2*v - 6. Let k(i) = i**2 + 1. Let r(n) = -a(n) - 5*k(n). Calculate the remainder when r(3) is divided by 2*1/4*18.
7
Let m be 2 + (-15)/(-9)*3. Let p(u) = 2*u + 8. What is the remainder when p(m) is divided by 8?
6
Let m(p) = -2*p + 7. Calculate the remainder when 35 is divided by m(-6).
16
Let d(v) = -2*v - 9. Let c be d(-6). Suppose 3*u = c + 48. Let m(o) = -o**3 - 6*o**2 + 6*o + 2. Calculate the remainder when u is divided by m(-7).
8
Let z(k) be the first derivative of k**3/3 + 5*k**2/2 + k - 4. Calculate the remainder when z(-8) is divided by 9.
7
Let v(w) = -w**2 - 6*w - 2. What is the remainder when v(-4) is divided by 3?
0
Let n(o) = -o**2 + 5. Let x be n(0). What is the remainder when 71/x - 8/40 is divided by 8?
6
Let m(c) = 2*c**3 - 2*c**2 + 3*c - 1. What is the remainder when m(2) is divided by 24/(-9)*21/(-14)?
1
Let f be (1 - -2)*22/6. Suppose -2*p - f = -3*p - d, 0 = 4*p - 4*d - 68. What is the remainder when 55 is divided by p?
13
Suppose -3*d + 14 + 31 = 0. Let a be (-4)/((8/d)/4). Let z = 19 - a. What is the remainder when z is divided by 17?
15
Suppose k = 4*s - 20, -5*s + 4*k = -0*s - 14. Let h(c) = c**2 - 2*c - 8. What is the remainder when h(s) is divided by 6?
4
Suppose 2*b + 3*w - 9 = 2, 3*b + 4*w = 16. Suppose -5*a + 312 = 7*l - 4*l, -b*a - 4*l = -248. Calculate the remainder when 10 is divided by (a/14)/((-3)/(-4)).
4
Let q = 35 - -104. What is the remainder when q is divided by 37?
28
Let s = 31 + -108. Let b = s - -146. Calculate the remainder when b is divided by 24.
21
Suppose 2*c = 23 + 25. What is the remainder when c is divided by 13?
11
Calculate the remainder when 58 is divided by 1/(4/(-48)*-1).
10
Let q be (-2 - -1)/((-4)/(-72)). Let l = q + 46. What is the remainder when 81 is divided by l?
25
Let b = -25 - -42. What is the remainder when b is divided by 6?
5
Let m = 75 + -54. Let f(a) = -a**2 - 12*a + 21. Calculate the remainder when m is divided by f(-13).
5
Let p = -97 - -116. What is the remainder when 168 is divided by p?
16
Let n be